{"id":49,"date":"2020-10-29T09:51:51","date_gmt":"2020-10-29T09:51:51","guid":{"rendered":"http:\/\/89.166.51.80\/~pohjoispaij\/ahtola\/?page_id=49"},"modified":"2021-04-26T15:32:43","modified_gmt":"2021-04-26T12:32:43","slug":"paatokset","status":"publish","type":"page","link":"https:\/\/kivijarvenkalatalousalue.fi\/heinolahti\/paatokset\/","title":{"rendered":"P\u00e4\u00e4t\u00f6kset"},"content":{"rendered":"\n<h2 class=\"wp-block-heading\">Rajoitukset<\/h2>\n\n\n\n<p><strong>Kivij\u00e4rven kalastusalue<\/strong><\/p>\n\n\n\n<p><strong>1<\/strong>.&nbsp;<em><strong>on rajoittanut<\/strong><\/em>&nbsp;uistelussa vapam\u00e4\u00e4r\u00e4n 6:ksi henkil\u00f6\u00e4 kohti 1.1.2004 lukien. Lis\u00e4vapa-lupia saa mm. maksamalla 3 euroa\/vapa maksamalla maksun Kivij\u00e4rven kalastusalueen tilille Kannonkosken osuuspankkiin (tilin nro 476110-27026).<\/p>\n\n\n\n<p><strong>2. on kielt\u00e4nyt<\/strong>&nbsp;vuosikokouksessaan 2002 solmuv\u00e4lilt\u00e4\u00e4n 25 \u2013 54 mm:n harvuisten verkkojen k\u00e4yt\u00f6n Kivij\u00e4rvess\u00e4, kolmea metri\u00e4 syvemmill\u00e4 vesialueilla. Kielto on astunut voimaan 1.5.2003 ja on voimassa 31.5.2013 saakka. Syvyysvy\u00f6hykejakoa ei sovelleta selk\u00e4saarilla, -luodoilla tai \u2013matalikoilla, vaan rajoitusten ulkopuolelle j\u00e4\u00e4v\u00e4t ainoastaan mantereeseen rajoittuvat kolmea metri\u00e4 tai sit\u00e4 matalammat vesialueet. Kielto on voimassa ymp\u00e4ri vuoden, poikkeuksena loka- ja marraskuu, jolloin verkon harvuus (silm\u00e4n solmuv\u00e4li) on vapaa siiankalastusta ajatellen.<\/p>\n\n\n\n<p><strong>Kivij\u00e4rven kalastusalueen vuosikokous<\/strong>&nbsp;p\u00e4\u00e4tti nostaa<strong>&nbsp;taimenen, j\u00e4rvilohen ja kuhan<\/strong>alamittaa. 01.01.2006 alkaen taimenen, j\u00e4rvilohen sek\u00e4 kuhan alamitta on koko Kivij\u00e4rven kalastusalueella (Kinnula, Kivij\u00e4rvi, Kannonkoski)&nbsp;<strong>42 cm<\/strong>. P\u00e4\u00e4t\u00f6s on voimassa 31.12.2010 saakka.<\/p>\n\n\n\n<p><strong>Heinolahden kalastuskunnan rauhoitusalueet ja rajoitukset:<\/strong><\/p>\n\n\n\n<p><strong>Hannonsalmi:<\/strong>&nbsp;Sillasta alapuoli 100 m ja yl\u00e4puoli Pyykkiniemest\u00e4 \u201dvalkoisille kaiteille\u201d.&nbsp;<br><strong>Matalasalmi:<\/strong>&nbsp;Katajanniemest\u00e4 vanhan s\u00e4hk\u00f6linjan linjausta Vasikkasaareen \u2013 H\u00e4meensaareen \u2013 Peltokankaan rantaa kalastuskunnan rajaan, jota pitkin takaisin Katajanniemeen.&nbsp;<br><em><strong>Rajoitukset koskevat kummankin alueen osalta verkkokalastusta koko vuoden.<\/strong><\/em><\/p>\n\n\n\n<p><strong>Verkot salmissa ja kulkuv\u00e4ylill\u00e4:<\/strong>&nbsp;Huomioitava, ett\u00e4 kalojen kulku on s\u00e4\u00e4nn\u00f6sten mukaan esteet\u00f6nt\u00e4. Erityisesti huomioitava Veitjoen suussa Tuliniemen tasolle saakka.<\/p>\n\n\n\n<p><strong>Suositellaan, ett\u00e4 Talatsaaren \u2013 Kuikkasaaren alueella perinteisill\u00e4 nuotta-apajilla v\u00e4ltett\u00e4isiin verkkokalastusta nuotanvetoaikaan.<\/strong><\/p>\n\n\n\n<h4 class=\"wp-block-heading\">VESILINNUN METS\u00c4STYS, RAVUSTUS JA PIISAMINPYYNTI VUONNA 2010<\/h4>\n\n\n\n<p><strong>a) Vesilintujen mets\u00e4stys:<\/strong>&nbsp;Perusmaksulla osakkaille ja kyl\u00e4ss\u00e4 muutoin kuin tilap\u00e4isesti asuville.<\/p>\n\n\n\n<p><strong>Luotiaseella vesilinnun mets\u00e4stys kielletty yleisen turvallisuuden vuoksi!<\/strong><\/p>\n\n\n\n<p><strong>Rauhoitusalueet:<\/strong>&nbsp;Peuralampi kokonaan sek\u00e4 Varism\u00e4en sillan molemmin puolin 200 metrin matkalla. Muilla alueilla ei rajoituksia.<\/p>\n\n\n\n<p><strong>Vesilinnunmets\u00e4stys on kielletty 29.-30.8.2010<\/strong>&nbsp;osakaskunnan vesialueella spanielien vesilintukokeen vuoksi.<\/p>\n\n\n\n<p><strong>b) Ravustus:<\/strong>&nbsp;Sallittu osakkaille. Veitjoesta ja muualtakin osakaskunnan vesialueelta pyydett\u00e4ess\u00e4 on annettava saalisilmoitus luvan myyj\u00e4lle ravustuksen p\u00e4\u00e4tytty\u00e4. Lupia myy vain Juhani Piispanen<\/p>\n\n\n\n<p><strong>c) Piisaminpyynti&nbsp;<\/strong>sallittu s\u00e4\u00e4nn\u00f6sten mukaisesti.<\/p>\n","protected":false},"excerpt":{"rendered":"<p>Rajoitukset Kivij\u00e4rven kalastusalue 1.&nbsp;on rajoittanut&nbsp;uistelussa vapam\u00e4\u00e4r\u00e4n 6:ksi henkil\u00f6\u00e4 kohti 1.1.2004 lukien. Lis\u00e4vapa-lupia saa mm. maksamalla 3 euroa\/vapa maksamalla maksun Kivij\u00e4rven kalastusalueen tilille Kannonkosken osuuspankkiin (tilin nro 476110-27026). 2. on kielt\u00e4nyt&nbsp;vuosikokouksessaan 2002 solmuv\u00e4lilt\u00e4\u00e4n 25 \u2013 54 mm:n harvuisten verkkojen k\u00e4yt\u00f6n Kivij\u00e4rvess\u00e4, kolmea metri\u00e4 syvemmill\u00e4 vesialueilla. Kielto on astunut voimaan 1.5.2003 ja on voimassa 31.5.2013 saakka. Syvyysvy\u00f6hykejakoa<\/p>\n<p><a class=\"moretag\" href=\"https:\/\/kivijarvenkalatalousalue.fi\/heinolahti\/paatokset\/\"> Lue lis\u00e4\u00e4 ><\/a><\/p>\n","protected":false},"author":2,"featured_media":0,"parent":0,"menu_order":0,"comment_status":"closed","ping_status":"closed","template":"basic-sivu.php","meta":{"_acf_changed":false,"footnotes":""},"class_list":["post-49","page","type-page","status-publish","hentry"],"acf":[],"yoast_head":"<!-- This site is optimized with the Yoast SEO plugin v27.1.1 - https:\/\/yoast.com\/product\/yoast-seo-wordpress\/ -->\n<title>P\u00e4\u00e4t\u00f6kset - Heinolahden osakaskunta<\/title>\n<meta name=\"robots\" content=\"index, follow, max-snippet:-1, max-image-preview:large, max-video-preview:-1\" \/>\n<link rel=\"canonical\" href=\"https:\/\/kivijarvenkalatalousalue.fi\/heinolahti\/paatokset\/\" \/>\n<meta property=\"og:locale\" content=\"fi_FI\" \/>\n<meta property=\"og:type\" content=\"article\" \/>\n<meta property=\"og:title\" content=\"P\u00e4\u00e4t\u00f6kset - Heinolahden osakaskunta\" \/>\n<meta property=\"og:description\" content=\"Rajoitukset Kivij\u00e4rven kalastusalue 1.&nbsp;on rajoittanut&nbsp;uistelussa vapam\u00e4\u00e4r\u00e4n 6:ksi henkil\u00f6\u00e4 kohti 1.1.2004 lukien. Lis\u00e4vapa-lupia saa mm. maksamalla 3 euroa\/vapa maksamalla maksun Kivij\u00e4rven kalastusalueen tilille Kannonkosken osuuspankkiin (tilin nro 476110-27026). 2. on kielt\u00e4nyt&nbsp;vuosikokouksessaan 2002 solmuv\u00e4lilt\u00e4\u00e4n 25 \u2013 54 mm:n harvuisten verkkojen k\u00e4yt\u00f6n Kivij\u00e4rvess\u00e4, kolmea metri\u00e4 syvemmill\u00e4 vesialueilla. Kielto on astunut voimaan 1.5.2003 ja on voimassa 31.5.2013 saakka. Syvyysvy\u00f6hykejakoa Lue lis\u00e4\u00e4 &gt;\" \/>\n<meta property=\"og:url\" content=\"https:\/\/kivijarvenkalatalousalue.fi\/heinolahti\/paatokset\/\" \/>\n<meta property=\"og:site_name\" content=\"Heinolahden osakaskunta\" \/>\n<meta property=\"article:modified_time\" content=\"2021-04-26T12:32:43+00:00\" \/>\n<meta name=\"twitter:card\" content=\"summary_large_image\" \/>\n<meta name=\"twitter:label1\" content=\"Arvioitu lukuaika\" \/>\n\t<meta name=\"twitter:data1\" content=\"2 minuuttia\" \/>\n<script type=\"application\/ld+json\" class=\"yoast-schema-graph\">{\"@context\":\"https:\/\/schema.org\",\"@graph\":[{\"@type\":\"WebPage\",\"@id\":\"https:\/\/kivijarvenkalatalousalue.fi\/heinolahti\/paatokset\/\",\"url\":\"https:\/\/kivijarvenkalatalousalue.fi\/heinolahti\/paatokset\/\",\"name\":\"P\u00e4\u00e4t\u00f6kset - Heinolahden osakaskunta\",\"isPartOf\":{\"@id\":\"https:\/\/kivijarvenkalatalousalue.fi\/heinolahti\/#website\"},\"datePublished\":\"2020-10-29T09:51:51+00:00\",\"dateModified\":\"2021-04-26T12:32:43+00:00\",\"breadcrumb\":{\"@id\":\"https:\/\/kivijarvenkalatalousalue.fi\/heinolahti\/paatokset\/#breadcrumb\"},\"inLanguage\":\"fi\",\"potentialAction\":[{\"@type\":\"ReadAction\",\"target\":[\"https:\/\/kivijarvenkalatalousalue.fi\/heinolahti\/paatokset\/\"]}]},{\"@type\":\"BreadcrumbList\",\"@id\":\"https:\/\/kivijarvenkalatalousalue.fi\/heinolahti\/paatokset\/#breadcrumb\",\"itemListElement\":[{\"@type\":\"ListItem\",\"position\":1,\"name\":\"Home\",\"item\":\"https:\/\/kivijarvenkalatalousalue.fi\/heinolahti\/\"},{\"@type\":\"ListItem\",\"position\":2,\"name\":\"P\u00e4\u00e4t\u00f6kset\"}]},{\"@type\":\"WebSite\",\"@id\":\"https:\/\/kivijarvenkalatalousalue.fi\/heinolahti\/#website\",\"url\":\"https:\/\/kivijarvenkalatalousalue.fi\/heinolahti\/\",\"name\":\"Heinolahden osakaskunta\",\"description\":\"Uusi Kivij\u00e4rven kalatalousalue -sivusto\",\"potentialAction\":[{\"@type\":\"SearchAction\",\"target\":{\"@type\":\"EntryPoint\",\"urlTemplate\":\"https:\/\/kivijarvenkalatalousalue.fi\/heinolahti\/?s={search_term_string}\"},\"query-input\":{\"@type\":\"PropertyValueSpecification\",\"valueRequired\":true,\"valueName\":\"search_term_string\"}}],\"inLanguage\":\"fi\"}]}<\/script>\n<!-- \/ Yoast SEO plugin. -->","yoast_head_json":{"title":"P\u00e4\u00e4t\u00f6kset - Heinolahden osakaskunta","robots":{"index":"index","follow":"follow","max-snippet":"max-snippet:-1","max-image-preview":"max-image-preview:large","max-video-preview":"max-video-preview:-1"},"canonical":"https:\/\/kivijarvenkalatalousalue.fi\/heinolahti\/paatokset\/","og_locale":"fi_FI","og_type":"article","og_title":"P\u00e4\u00e4t\u00f6kset - Heinolahden osakaskunta","og_description":"Rajoitukset Kivij\u00e4rven kalastusalue 1.&nbsp;on rajoittanut&nbsp;uistelussa vapam\u00e4\u00e4r\u00e4n 6:ksi henkil\u00f6\u00e4 kohti 1.1.2004 lukien. Lis\u00e4vapa-lupia saa mm. maksamalla 3 euroa\/vapa maksamalla maksun Kivij\u00e4rven kalastusalueen tilille Kannonkosken osuuspankkiin (tilin nro 476110-27026). 2. on kielt\u00e4nyt&nbsp;vuosikokouksessaan 2002 solmuv\u00e4lilt\u00e4\u00e4n 25 \u2013 54 mm:n harvuisten verkkojen k\u00e4yt\u00f6n Kivij\u00e4rvess\u00e4, kolmea metri\u00e4 syvemmill\u00e4 vesialueilla. Kielto on astunut voimaan 1.5.2003 ja on voimassa 31.5.2013 saakka. Syvyysvy\u00f6hykejakoa Lue lis\u00e4\u00e4 >","og_url":"https:\/\/kivijarvenkalatalousalue.fi\/heinolahti\/paatokset\/","og_site_name":"Heinolahden osakaskunta","article_modified_time":"2021-04-26T12:32:43+00:00","twitter_card":"summary_large_image","twitter_misc":{"Arvioitu lukuaika":"2 minuuttia"},"schema":{"@context":"https:\/\/schema.org","@graph":[{"@type":"WebPage","@id":"https:\/\/kivijarvenkalatalousalue.fi\/heinolahti\/paatokset\/","url":"https:\/\/kivijarvenkalatalousalue.fi\/heinolahti\/paatokset\/","name":"P\u00e4\u00e4t\u00f6kset - Heinolahden osakaskunta","isPartOf":{"@id":"https:\/\/kivijarvenkalatalousalue.fi\/heinolahti\/#website"},"datePublished":"2020-10-29T09:51:51+00:00","dateModified":"2021-04-26T12:32:43+00:00","breadcrumb":{"@id":"https:\/\/kivijarvenkalatalousalue.fi\/heinolahti\/paatokset\/#breadcrumb"},"inLanguage":"fi","potentialAction":[{"@type":"ReadAction","target":["https:\/\/kivijarvenkalatalousalue.fi\/heinolahti\/paatokset\/"]}]},{"@type":"BreadcrumbList","@id":"https:\/\/kivijarvenkalatalousalue.fi\/heinolahti\/paatokset\/#breadcrumb","itemListElement":[{"@type":"ListItem","position":1,"name":"Home","item":"https:\/\/kivijarvenkalatalousalue.fi\/heinolahti\/"},{"@type":"ListItem","position":2,"name":"P\u00e4\u00e4t\u00f6kset"}]},{"@type":"WebSite","@id":"https:\/\/kivijarvenkalatalousalue.fi\/heinolahti\/#website","url":"https:\/\/kivijarvenkalatalousalue.fi\/heinolahti\/","name":"Heinolahden osakaskunta","description":"Uusi Kivij\u00e4rven kalatalousalue -sivusto","potentialAction":[{"@type":"SearchAction","target":{"@type":"EntryPoint","urlTemplate":"https:\/\/kivijarvenkalatalousalue.fi\/heinolahti\/?s={search_term_string}"},"query-input":{"@type":"PropertyValueSpecification","valueRequired":true,"valueName":"search_term_string"}}],"inLanguage":"fi"}]}},"_links":{"self":[{"href":"https:\/\/kivijarvenkalatalousalue.fi\/heinolahti\/wp-json\/wp\/v2\/pages\/49","targetHints":{"allow":["GET"]}}],"collection":[{"href":"https:\/\/kivijarvenkalatalousalue.fi\/heinolahti\/wp-json\/wp\/v2\/pages"}],"about":[{"href":"https:\/\/kivijarvenkalatalousalue.fi\/heinolahti\/wp-json\/wp\/v2\/types\/page"}],"author":[{"embeddable":true,"href":"https:\/\/kivijarvenkalatalousalue.fi\/heinolahti\/wp-json\/wp\/v2\/users\/2"}],"replies":[{"embeddable":true,"href":"https:\/\/kivijarvenkalatalousalue.fi\/heinolahti\/wp-json\/wp\/v2\/comments?post=49"}],"version-history":[{"count":3,"href":"https:\/\/kivijarvenkalatalousalue.fi\/heinolahti\/wp-json\/wp\/v2\/pages\/49\/revisions"}],"predecessor-version":[{"id":247,"href":"https:\/\/kivijarvenkalatalousalue.fi\/heinolahti\/wp-json\/wp\/v2\/pages\/49\/revisions\/247"}],"wp:attachment":[{"href":"https:\/\/kivijarvenkalatalousalue.fi\/heinolahti\/wp-json\/wp\/v2\/media?parent=49"}],"curies":[{"name":"wp","href":"https:\/\/api.w.org\/{rel}","templated":true}]}}