{"id":189,"date":"2020-10-22T07:32:51","date_gmt":"2020-10-22T04:32:51","guid":{"rendered":"http:\/\/89.166.51.80\/~pohjoispaij\/ahtola\/?page_id=2"},"modified":"2021-04-26T16:37:49","modified_gmt":"2021-04-26T13:37:49","slug":"etusivu","status":"publish","type":"page","link":"https:\/\/kivijarvenkalatalousalue.fi\/kuivaniemi\/","title":{"rendered":"Etusivu"},"content":{"rendered":"\n<h2 class=\"wp-block-heading\">Tervetuloa Kuivaniemen\u00a0osakaskuntaan<\/h2>\n\n\n\n<p><strong>HUOMIO LUVANOSTAJAT!<\/strong><\/p>\n\n\n\n<p>Kirjatkaa kalastuslupia ostaessanne, tositteen viestiosioon,&nbsp;<em>nimenne sek\u00e4 l\u00e4hiosoitteenne<\/em>. My\u00f6s&nbsp;<em>s\u00e4hk\u00f6postiosoitteen<\/em>&nbsp;voi halutessaan kirjata.<\/p>\n\n\n\n<p><a href=\"http:\/\/www.kivijarvenkalatalousalue.fi\/ok\/kuivaniemi\/uploads\/KALASTUS%20KUIVANIEMEN%20OSAKASKUNTA%202019.doc\" target=\"_blank\" rel=\"noreferrer noopener\"><strong>LUPAOHJEET 1.5.2019 &#8211; 30.4.2020<\/strong><\/a><\/p>\n\n\n\n<p><a href=\"http:\/\/www.kivijarvenkalatalousalue.fi\/ok\/kuivaniemi\/uploads\/Hataesite_v1.pdf\" target=\"_blank\" rel=\"noreferrer noopener\"><strong>OHJE PYYDYSTEN MERKITSEMISEEN<\/strong><\/a><\/p>\n\n\n\n<p><strong><a href=\"http:\/\/mmm.fi\/kalastuslaki\" target=\"_blank\" rel=\"noreferrer noopener\">KALASTUSLAKI 1.1.2016<\/a><\/strong><\/p>\n","protected":false},"excerpt":{"rendered":"<p>Tervetuloa Kuivaniemen\u00a0osakaskuntaan HUOMIO LUVANOSTAJAT! Kirjatkaa kalastuslupia ostaessanne, tositteen viestiosioon,&nbsp;nimenne sek\u00e4 l\u00e4hiosoitteenne. My\u00f6s&nbsp;s\u00e4hk\u00f6postiosoitteen&nbsp;voi halutessaan kirjata. LUPAOHJEET 1.5.2019 &#8211; 30.4.2020 OHJE PYYDYSTEN MERKITSEMISEEN KALASTUSLAKI 1.1.2016<\/p>\n","protected":false},"author":2,"featured_media":0,"parent":0,"menu_order":0,"comment_status":"closed","ping_status":"closed","template":"","meta":{"_acf_changed":false,"footnotes":""},"class_list":["post-189","page","type-page","status-publish","hentry"],"acf":[],"yoast_head":"<!-- This site is optimized with the Yoast SEO plugin v27.1.1 - https:\/\/yoast.com\/product\/yoast-seo-wordpress\/ -->\n<title>Etusivu - Kuivaniemen osakaskunta<\/title>\n<meta name=\"robots\" content=\"index, follow, max-snippet:-1, max-image-preview:large, max-video-preview:-1\" \/>\n<link rel=\"canonical\" href=\"https:\/\/kivijarvenkalatalousalue.fi\/kuivaniemi\/\" \/>\n<meta property=\"og:locale\" content=\"fi_FI\" \/>\n<meta property=\"og:type\" content=\"article\" \/>\n<meta property=\"og:title\" content=\"Etusivu - Kuivaniemen osakaskunta\" \/>\n<meta property=\"og:description\" content=\"Tervetuloa Kuivaniemen\u00a0osakaskuntaan HUOMIO LUVANOSTAJAT! Kirjatkaa kalastuslupia ostaessanne, tositteen viestiosioon,&nbsp;nimenne sek\u00e4 l\u00e4hiosoitteenne. My\u00f6s&nbsp;s\u00e4hk\u00f6postiosoitteen&nbsp;voi halutessaan kirjata. LUPAOHJEET 1.5.2019 &#8211; 30.4.2020 OHJE PYYDYSTEN MERKITSEMISEEN KALASTUSLAKI 1.1.2016\" \/>\n<meta property=\"og:url\" content=\"https:\/\/kivijarvenkalatalousalue.fi\/kuivaniemi\/\" \/>\n<meta property=\"og:site_name\" content=\"Kuivaniemen osakaskunta\" \/>\n<meta property=\"article:modified_time\" content=\"2021-04-26T13:37:49+00:00\" \/>\n<meta name=\"twitter:card\" content=\"summary_large_image\" \/>\n<script type=\"application\/ld+json\" class=\"yoast-schema-graph\">{\"@context\":\"https:\/\/schema.org\",\"@graph\":[{\"@type\":\"WebPage\",\"@id\":\"https:\/\/kivijarvenkalatalousalue.fi\/kuivaniemi\/\",\"url\":\"https:\/\/kivijarvenkalatalousalue.fi\/kuivaniemi\/\",\"name\":\"Etusivu - Kuivaniemen osakaskunta\",\"isPartOf\":{\"@id\":\"https:\/\/kivijarvenkalatalousalue.fi\/kuivaniemi\/#website\"},\"datePublished\":\"2020-10-22T04:32:51+00:00\",\"dateModified\":\"2021-04-26T13:37:49+00:00\",\"breadcrumb\":{\"@id\":\"https:\/\/kivijarvenkalatalousalue.fi\/kuivaniemi\/#breadcrumb\"},\"inLanguage\":\"fi\",\"potentialAction\":[{\"@type\":\"ReadAction\",\"target\":[\"https:\/\/kivijarvenkalatalousalue.fi\/kuivaniemi\/\"]}]},{\"@type\":\"BreadcrumbList\",\"@id\":\"https:\/\/kivijarvenkalatalousalue.fi\/kuivaniemi\/#breadcrumb\",\"itemListElement\":[{\"@type\":\"ListItem\",\"position\":1,\"name\":\"Home\",\"item\":\"https:\/\/kivijarvenkalatalousalue.fi\/kuivaniemi\/\"},{\"@type\":\"ListItem\",\"position\":2,\"name\":\"Etusivu\"}]},{\"@type\":\"WebSite\",\"@id\":\"https:\/\/kivijarvenkalatalousalue.fi\/kuivaniemi\/#website\",\"url\":\"https:\/\/kivijarvenkalatalousalue.fi\/kuivaniemi\/\",\"name\":\"Kuivaniemen osakaskunta\",\"description\":\"Uusi Kivij\u00e4rven kalatalousalue -sivusto\",\"potentialAction\":[{\"@type\":\"SearchAction\",\"target\":{\"@type\":\"EntryPoint\",\"urlTemplate\":\"https:\/\/kivijarvenkalatalousalue.fi\/kuivaniemi\/?s={search_term_string}\"},\"query-input\":{\"@type\":\"PropertyValueSpecification\",\"valueRequired\":true,\"valueName\":\"search_term_string\"}}],\"inLanguage\":\"fi\"}]}<\/script>\n<!-- \/ Yoast SEO plugin. -->","yoast_head_json":{"title":"Etusivu - Kuivaniemen osakaskunta","robots":{"index":"index","follow":"follow","max-snippet":"max-snippet:-1","max-image-preview":"max-image-preview:large","max-video-preview":"max-video-preview:-1"},"canonical":"https:\/\/kivijarvenkalatalousalue.fi\/kuivaniemi\/","og_locale":"fi_FI","og_type":"article","og_title":"Etusivu - Kuivaniemen osakaskunta","og_description":"Tervetuloa Kuivaniemen\u00a0osakaskuntaan HUOMIO LUVANOSTAJAT! Kirjatkaa kalastuslupia ostaessanne, tositteen viestiosioon,&nbsp;nimenne sek\u00e4 l\u00e4hiosoitteenne. My\u00f6s&nbsp;s\u00e4hk\u00f6postiosoitteen&nbsp;voi halutessaan kirjata. LUPAOHJEET 1.5.2019 &#8211; 30.4.2020 OHJE PYYDYSTEN MERKITSEMISEEN KALASTUSLAKI 1.1.2016","og_url":"https:\/\/kivijarvenkalatalousalue.fi\/kuivaniemi\/","og_site_name":"Kuivaniemen osakaskunta","article_modified_time":"2021-04-26T13:37:49+00:00","twitter_card":"summary_large_image","schema":{"@context":"https:\/\/schema.org","@graph":[{"@type":"WebPage","@id":"https:\/\/kivijarvenkalatalousalue.fi\/kuivaniemi\/","url":"https:\/\/kivijarvenkalatalousalue.fi\/kuivaniemi\/","name":"Etusivu - Kuivaniemen osakaskunta","isPartOf":{"@id":"https:\/\/kivijarvenkalatalousalue.fi\/kuivaniemi\/#website"},"datePublished":"2020-10-22T04:32:51+00:00","dateModified":"2021-04-26T13:37:49+00:00","breadcrumb":{"@id":"https:\/\/kivijarvenkalatalousalue.fi\/kuivaniemi\/#breadcrumb"},"inLanguage":"fi","potentialAction":[{"@type":"ReadAction","target":["https:\/\/kivijarvenkalatalousalue.fi\/kuivaniemi\/"]}]},{"@type":"BreadcrumbList","@id":"https:\/\/kivijarvenkalatalousalue.fi\/kuivaniemi\/#breadcrumb","itemListElement":[{"@type":"ListItem","position":1,"name":"Home","item":"https:\/\/kivijarvenkalatalousalue.fi\/kuivaniemi\/"},{"@type":"ListItem","position":2,"name":"Etusivu"}]},{"@type":"WebSite","@id":"https:\/\/kivijarvenkalatalousalue.fi\/kuivaniemi\/#website","url":"https:\/\/kivijarvenkalatalousalue.fi\/kuivaniemi\/","name":"Kuivaniemen osakaskunta","description":"Uusi Kivij\u00e4rven kalatalousalue -sivusto","potentialAction":[{"@type":"SearchAction","target":{"@type":"EntryPoint","urlTemplate":"https:\/\/kivijarvenkalatalousalue.fi\/kuivaniemi\/?s={search_term_string}"},"query-input":{"@type":"PropertyValueSpecification","valueRequired":true,"valueName":"search_term_string"}}],"inLanguage":"fi"}]}},"_links":{"self":[{"href":"https:\/\/kivijarvenkalatalousalue.fi\/kuivaniemi\/wp-json\/wp\/v2\/pages\/189","targetHints":{"allow":["GET"]}}],"collection":[{"href":"https:\/\/kivijarvenkalatalousalue.fi\/kuivaniemi\/wp-json\/wp\/v2\/pages"}],"about":[{"href":"https:\/\/kivijarvenkalatalousalue.fi\/kuivaniemi\/wp-json\/wp\/v2\/types\/page"}],"author":[{"embeddable":true,"href":"https:\/\/kivijarvenkalatalousalue.fi\/kuivaniemi\/wp-json\/wp\/v2\/users\/2"}],"replies":[{"embeddable":true,"href":"https:\/\/kivijarvenkalatalousalue.fi\/kuivaniemi\/wp-json\/wp\/v2\/comments?post=189"}],"version-history":[{"count":6,"href":"https:\/\/kivijarvenkalatalousalue.fi\/kuivaniemi\/wp-json\/wp\/v2\/pages\/189\/revisions"}],"predecessor-version":[{"id":255,"href":"https:\/\/kivijarvenkalatalousalue.fi\/kuivaniemi\/wp-json\/wp\/v2\/pages\/189\/revisions\/255"}],"wp:attachment":[{"href":"https:\/\/kivijarvenkalatalousalue.fi\/kuivaniemi\/wp-json\/wp\/v2\/media?parent=189"}],"curies":[{"name":"wp","href":"https:\/\/api.w.org\/{rel}","templated":true}]}}