{"id":158,"date":"2020-10-29T12:25:46","date_gmt":"2020-10-29T10:25:46","guid":{"rendered":"http:\/\/89.166.51.80\/~pohjoispaij\/ahtola\/?page_id=158"},"modified":"2025-07-15T19:02:06","modified_gmt":"2025-07-15T16:02:06","slug":"vuosikokous","status":"publish","type":"page","link":"https:\/\/kivijarvenkalatalousalue.fi\/vuoskoski\/hallinto\/vuosikokous\/","title":{"rendered":"Vuosikokous"},"content":{"rendered":"\n<p><strong>&nbsp;&nbsp;&nbsp;&nbsp;&nbsp;&nbsp;&nbsp;&nbsp;&nbsp;&nbsp;&nbsp;&nbsp;&nbsp;&nbsp;&nbsp;&nbsp;&nbsp;&nbsp;&nbsp;&nbsp;&nbsp;&nbsp;&nbsp;&nbsp;&nbsp;&nbsp;&nbsp; &nbsp;&nbsp;&nbsp;&nbsp;&nbsp;&nbsp;&nbsp;&nbsp;&nbsp;&nbsp;&nbsp;&nbsp;&nbsp;&nbsp;&nbsp;&nbsp;&nbsp;&nbsp;&nbsp;&nbsp;&nbsp;&nbsp;&nbsp;&nbsp;&nbsp;&nbsp;&nbsp;&nbsp;&nbsp;&nbsp;&nbsp;&nbsp;&nbsp;&nbsp;&nbsp;&nbsp;&nbsp;&nbsp;&nbsp;&nbsp;&nbsp;&nbsp;&nbsp;&nbsp;&nbsp;&nbsp;&nbsp;&nbsp;&nbsp;&nbsp;&nbsp;&nbsp;&nbsp;&nbsp;&nbsp;&nbsp;&nbsp;&nbsp;&nbsp;&nbsp;&nbsp;&nbsp;&nbsp;&nbsp;&nbsp;&nbsp;&nbsp;&nbsp;&nbsp;P\u00f6yt\u00e4kirja<\/strong><\/p>\n\n\n\n<p><strong>&nbsp;&nbsp;&nbsp;&nbsp;&nbsp;&nbsp;&nbsp;&nbsp;&nbsp;&nbsp;&nbsp;&nbsp;&nbsp;&nbsp;&nbsp;&nbsp;&nbsp;&nbsp;&nbsp;&nbsp;&nbsp;&nbsp;&nbsp;&nbsp;&nbsp;&nbsp;&nbsp;&nbsp;&nbsp;&nbsp;&nbsp;&nbsp;&nbsp;&nbsp;&nbsp;&nbsp;&nbsp;&nbsp;&nbsp;&nbsp;&nbsp;&nbsp;&nbsp;&nbsp;&nbsp;&nbsp;&nbsp;&nbsp;&nbsp;&nbsp;&nbsp;&nbsp;&nbsp;&nbsp;&nbsp;&nbsp;&nbsp;&nbsp;&nbsp;&nbsp;&nbsp;&nbsp;&nbsp;&nbsp;&nbsp;&nbsp;&nbsp;&nbsp;&nbsp;&nbsp;&nbsp;&nbsp;&nbsp; &nbsp;&nbsp;&nbsp;&nbsp;&nbsp;&nbsp;&nbsp;&nbsp;&nbsp;&nbsp;&nbsp;&nbsp;&nbsp;&nbsp;&nbsp;&nbsp;&nbsp;&nbsp;&nbsp;&nbsp;&nbsp;&nbsp;&nbsp;9.4.2025<\/strong><\/p>\n\n\n\n<p><strong>Vuoskosken osakaskunnan vuosikokous<\/strong><\/p>\n\n\n\n<p>Aika:&nbsp;&nbsp; &nbsp;&nbsp;&nbsp;&nbsp;&nbsp;&nbsp;&nbsp;&nbsp;&nbsp;&nbsp;&nbsp;Keskiviikko 9.4.2025 klo 10.00<\/p>\n\n\n\n<p>Paikka:&nbsp;&nbsp;&nbsp;&nbsp;&nbsp;&nbsp;&nbsp;&nbsp;&nbsp; Paukunmaja, Peltolantie 75 43300 Kannonkoski<\/p>\n\n\n\n<p>1. Osakaskunnan hoitokunnan puheenjohtaja Kirsti Krogerus avasi kokouksen klo 10.05 \u00a0.<\/p>\n\n\n\n<ol class=\"wp-block-list\"><\/ol>\n\n\n\n<p>2. Kokouksen puheenjohtajaksi valittiin Kalervo Kupari \u00a0ja sihteeriksi Janne H\u00e4m\u00e4l\u00e4inen.<\/p>\n\n\n\n<p>3. Kokouksen \u00e4\u00e4nestystavaksi p\u00e4\u00e4tettiin henkil\u00f6\/\u00e4\u00e4ni perustuva \u00e4\u00e4nestystapa.<\/p>\n\n\n\n<p>4. Kokous todettiin lailliseksi ja p\u00e4\u00e4t\u00f6svaltaiseksi.<\/p>\n\n\n\n<p>5. P\u00f6yt\u00e4kirjantarkastajiksi valittiin Ville H\u00e4m\u00e4l\u00e4inen ja Osmo Kauppinen, jotka samalla toimivat \u00e4\u00e4ntenlaskijoina.<\/p>\n\n\n\n<p>6. Hyv\u00e4ksyttiin kokouksen ty\u00f6j\u00e4rjestykseksi asialistan mukainen ty\u00f6j\u00e4rjestys, liite 1.<\/p>\n\n\n\n<p>7. Todettiin osallistujat, joita oli 14 kpl, liite 2.<\/p>\n\n\n\n<p>8. Esitettiin vuoden 2024 toimintakertomus ja hyv\u00e4ksyttiin se, liite 3.<\/p>\n\n\n\n<p>9. Esitettiin osakaskunnan vuoden 2024 tilinp\u00e4\u00e4t\u00f6s, tase ja toiminnantarkastajien lausunto.<\/p>\n\n\n\n<p>Tilinp\u00e4\u00e4t\u00f6s vahvistettiin ja my\u00f6nnettiin vastuuvapaus tilintekij\u00f6ille ja hoitokunnalle.<\/p>\n\n\n\n<p>10. P\u00e4\u00e4tettiin osakaskunnan hoitokunnanj\u00e4senten, toiminnantarkastajien ja kalastuksenvalvojien palkkioista seuraavasti:<\/p>\n\n\n\n<ol class=\"wp-block-list\"><\/ol>\n\n\n\n<p>Hoitokunnanj\u00e4senten kokouspalkkio 70.-\/kokous, puheenjohtajan palkkio 550,- \/vuosi, sihteerin palkkio 550,-\/vuosi. Matkakorvaukset valtion matkustusohjes\u00e4\u00e4nn\u00f6n mukaan. Kalastuksenvalvojien palkkio tarjousten perusteella ja toiminnantarkastajien korvaukset laskun mukaan.<\/p>\n\n\n\n<p>11. Erovuoroisina hoitokunnanj\u00e4senin\u00e4 ovat Pertti Huurtola, varalla Pekka Vesterinen, Hannu Kauppinen, varalla Jaakko Lepp\u00e4nen sek\u00e4 Risto Kolari, varalla Sakari Savela \u00a0.<\/p>\n\n\n\n<ol class=\"wp-block-list\"><\/ol>\n\n\n\n<p>Hoitokunnan j\u00e4seniksi valittiin Karoliina Pietil\u00e4inen, varalla Pekka Vesterinen, Hannu Kauppinen, varalla Jaakko Lepp\u00e4nen sek\u00e4 Risto Kolari, varalla Sakari Savela . Ensimm\u00e4isen hoitokunnankokouksen kutsuu koolle Kirsti Krogerus .<\/p>\n\n\n\n<p>12. Toiminnantarkastajiksi valittiin Jukka Kotilainen ja Leo Tarvainen, varalle Sakari Savela ja Lauri Urpilainen.<\/p>\n\n\n\n<p>13. P\u00e4\u00e4tettiin pyydyksist\u00e4 peritt\u00e4v\u00e4t maksut, liite 4.<\/p>\n\n\n\n<p>14. P\u00e4\u00e4tettiin pyynti-ja pyydysrajoitukset sek\u00e4 rauhoitusalueet, liite 4.<\/p>\n\n\n\n<p>15. P\u00e4\u00e4tettiin vesilinnunmets\u00e4styshinnat ja rajoitukset, liite 4.<\/p>\n\n\n\n<p>16.P\u00e4\u00e4tettiin antaa hoitokunnalle valtuudet p\u00e4\u00e4tt\u00e4\u00e4 istutuksista. Velvoiteistukkaat tulevat normaalisti.<\/p>\n\n\n\n<p>17. Hyv\u00e4ksyttiin talousarvio vuodelle 2025, liite 5.<\/p>\n\n\n\n<p>18. P\u00e4\u00e4tettiin, ett\u00e4 kalastusalueen kokousedustaja on Kirsti Krogerus, varalle Risto Kolari. Muihin kokouksiin valittiin Kirsti Krogerus, varalle Risto Kolari.<\/p>\n\n\n\n<p>19. P\u00e4\u00e4tettiin tilata Kalastuslehti hoitokunnan j\u00e4senille, varaj\u00e4senille ja<\/p>\n\n\n\n<ol class=\"wp-block-list\"><\/ol>\n\n\n\n<p>toiminnantarkastajille.<\/p>\n\n\n\n<p>20. <a>P\u00e4\u00e4tettiin, ett\u00e4 ei osallistuta osakaskuntien yhdistymisneuvotteluihin.<\/a><\/p>\n\n\n\n<p>21. Muita asioita ei ollut.<\/p>\n\n\n\n<p>22. Kokouksen tarkistettu p\u00f6yt\u00e4kirja on n\u00e4ht\u00e4vill\u00e4 Janne H\u00e4m\u00e4l\u00e4isen luona, Vivuntie 10, 43300 Kannonkoski, 10.4.-10.5.2025 v\u00e4lisen\u00e4 aikana.<\/p>\n\n\n\n<p>23. Puheenjohtaja p\u00e4\u00e4tti kokouksen klo 12.09.<\/p>\n\n\n\n<p>P\u00f6yt\u00e4kirjan vakuudeksi<\/p>\n\n\n\n<p><\/p>\n\n\n\n<p>Kalervo Kupari&nbsp;&nbsp;&nbsp;&nbsp; &nbsp;&nbsp;&nbsp;&nbsp;&nbsp;&nbsp;&nbsp;&nbsp;&nbsp;&nbsp;&nbsp;&nbsp;&nbsp;&nbsp;&nbsp;&nbsp;&nbsp;&nbsp;&nbsp;&nbsp;&nbsp;&nbsp;&nbsp;&nbsp;&nbsp;&nbsp;&nbsp;&nbsp;&nbsp;&nbsp;&nbsp;&nbsp;&nbsp;&nbsp;&nbsp;&nbsp;&nbsp;&nbsp;&nbsp;&nbsp;&nbsp;&nbsp;&nbsp;&nbsp;&nbsp;&nbsp;&nbsp;&nbsp;&nbsp;&nbsp;&nbsp;&nbsp;&nbsp;&nbsp;&nbsp;&nbsp;&nbsp;&nbsp;&nbsp;Janne H\u00e4m\u00e4l\u00e4inen<\/p>\n\n\n\n<p>Puheenjohtaja&nbsp;&nbsp;&nbsp;&nbsp;&nbsp;&nbsp;&nbsp;&nbsp;&nbsp;&nbsp;&nbsp;&nbsp;&nbsp;&nbsp;&nbsp;&nbsp;&nbsp;&nbsp;&nbsp;&nbsp;&nbsp;&nbsp;&nbsp;&nbsp;&nbsp;&nbsp;&nbsp;&nbsp;&nbsp;&nbsp;&nbsp;&nbsp;&nbsp;&nbsp;&nbsp;&nbsp;&nbsp;&nbsp;&nbsp;&nbsp;&nbsp;&nbsp;&nbsp;&nbsp;&nbsp;&nbsp;&nbsp;&nbsp;&nbsp;&nbsp;&nbsp;&nbsp;&nbsp;&nbsp;&nbsp;&nbsp;&nbsp;&nbsp;&nbsp;&nbsp;&nbsp;&nbsp;&nbsp; Sihteeri<\/p>\n\n\n\n<p>P\u00f6yt\u00e4kirjantarkastajat<\/p>\n\n\n\n<p><\/p>\n\n\n\n<p>Osmo Kauppinen\u00a0\u00a0\u00a0\u00a0\u00a0\u00a0\u00a0\u00a0\u00a0\u00a0\u00a0\u00a0\u00a0\u00a0\u00a0\u00a0\u00a0\u00a0\u00a0\u00a0\u00a0\u00a0\u00a0\u00a0\u00a0\u00a0\u00a0\u00a0\u00a0\u00a0\u00a0\u00a0\u00a0\u00a0\u00a0\u00a0\u00a0\u00a0\u00a0\u00a0\u00a0\u00a0\u00a0\u00a0\u00a0\u00a0\u00a0\u00a0\u00a0\u00a0\u00a0\u00a0\u00a0\u00a0\u00a0\u00a0\u00a0\u00a0\u00a0 Ville H\u00e4m\u00e4l\u00e4inen<\/p>\n","protected":false},"excerpt":{"rendered":"<p>&nbsp;&nbsp;&nbsp;&nbsp;&nbsp;&nbsp;&nbsp;&nbsp;&nbsp;&nbsp;&nbsp;&nbsp;&nbsp;&nbsp;&nbsp;&nbsp;&nbsp;&nbsp;&nbsp;&nbsp;&nbsp;&nbsp;&nbsp;&nbsp;&nbsp;&nbsp;&nbsp; &nbsp;&nbsp;&nbsp;&nbsp;&nbsp;&nbsp;&nbsp;&nbsp;&nbsp;&nbsp;&nbsp;&nbsp;&nbsp;&nbsp;&nbsp;&nbsp;&nbsp;&nbsp;&nbsp;&nbsp;&nbsp;&nbsp;&nbsp;&nbsp;&nbsp;&nbsp;&nbsp;&nbsp;&nbsp;&nbsp;&nbsp;&nbsp;&nbsp;&nbsp;&nbsp;&nbsp;&nbsp;&nbsp;&nbsp;&nbsp;&nbsp;&nbsp;&nbsp;&nbsp;&nbsp;&nbsp;&nbsp;&nbsp;&nbsp;&nbsp;&nbsp;&nbsp;&nbsp;&nbsp;&nbsp;&nbsp;&nbsp;&nbsp;&nbsp;&nbsp;&nbsp;&nbsp;&nbsp;&nbsp;&nbsp;&nbsp;&nbsp;&nbsp;&nbsp;P\u00f6yt\u00e4kirja &nbsp;&nbsp;&nbsp;&nbsp;&nbsp;&nbsp;&nbsp;&nbsp;&nbsp;&nbsp;&nbsp;&nbsp;&nbsp;&nbsp;&nbsp;&nbsp;&nbsp;&nbsp;&nbsp;&nbsp;&nbsp;&nbsp;&nbsp;&nbsp;&nbsp;&nbsp;&nbsp;&nbsp;&nbsp;&nbsp;&nbsp;&nbsp;&nbsp;&nbsp;&nbsp;&nbsp;&nbsp;&nbsp;&nbsp;&nbsp;&nbsp;&nbsp;&nbsp;&nbsp;&nbsp;&nbsp;&nbsp;&nbsp;&nbsp;&nbsp;&nbsp;&nbsp;&nbsp;&nbsp;&nbsp;&nbsp;&nbsp;&nbsp;&nbsp;&nbsp;&nbsp;&nbsp;&nbsp;&nbsp;&nbsp;&nbsp;&nbsp;&nbsp;&nbsp;&nbsp;&nbsp;&nbsp;&nbsp; &nbsp;&nbsp;&nbsp;&nbsp;&nbsp;&nbsp;&nbsp;&nbsp;&nbsp;&nbsp;&nbsp;&nbsp;&nbsp;&nbsp;&nbsp;&nbsp;&nbsp;&nbsp;&nbsp;&nbsp;&nbsp;&nbsp;&nbsp;9.4.2025 Vuoskosken osakaskunnan vuosikokous Aika:&nbsp;&nbsp; &nbsp;&nbsp;&nbsp;&nbsp;&nbsp;&nbsp;&nbsp;&nbsp;&nbsp;&nbsp;&nbsp;Keskiviikko 9.4.2025 klo 10.00 Paikka:&nbsp;&nbsp;&nbsp;&nbsp;&nbsp;&nbsp;&nbsp;&nbsp;&nbsp; Paukunmaja, Peltolantie 75 43300 Kannonkoski 1. Osakaskunnan hoitokunnan puheenjohtaja Kirsti Krogerus avasi kokouksen klo 10.05 \u00a0. 2. Kokouksen puheenjohtajaksi valittiin Kalervo Kupari \u00a0ja sihteeriksi Janne H\u00e4m\u00e4l\u00e4inen. 3. Kokouksen \u00e4\u00e4nestystavaksi p\u00e4\u00e4tettiin henkil\u00f6\/\u00e4\u00e4ni perustuva \u00e4\u00e4nestystapa. 4. Kokous todettiin lailliseksi ja p\u00e4\u00e4t\u00f6svaltaiseksi. 5. P\u00f6yt\u00e4kirjantarkastajiksi valittiin<\/p>\n<p><a class=\"moretag\" href=\"https:\/\/kivijarvenkalatalousalue.fi\/vuoskoski\/hallinto\/vuosikokous\/\"> Lue lis\u00e4\u00e4 ><\/a><\/p>\n","protected":false},"author":2,"featured_media":0,"parent":32,"menu_order":0,"comment_status":"closed","ping_status":"closed","template":"basic-sivu.php","meta":{"_acf_changed":false,"footnotes":""},"class_list":["post-158","page","type-page","status-publish","hentry"],"acf":[],"yoast_head":"<!-- This site is optimized with the Yoast SEO plugin v27.1.1 - https:\/\/yoast.com\/product\/yoast-seo-wordpress\/ -->\n<title>Vuosikokous - Vuoskosken osakaskunta<\/title>\n<meta name=\"robots\" content=\"index, follow, max-snippet:-1, max-image-preview:large, max-video-preview:-1\" \/>\n<link rel=\"canonical\" href=\"https:\/\/kivijarvenkalatalousalue.fi\/vuoskoski\/hallinto\/vuosikokous\/\" \/>\n<meta property=\"og:locale\" content=\"fi_FI\" \/>\n<meta property=\"og:type\" content=\"article\" \/>\n<meta property=\"og:title\" content=\"Vuosikokous - Vuoskosken osakaskunta\" \/>\n<meta property=\"og:description\" content=\"&nbsp;&nbsp;&nbsp;&nbsp;&nbsp;&nbsp;&nbsp;&nbsp;&nbsp;&nbsp;&nbsp;&nbsp;&nbsp;&nbsp;&nbsp;&nbsp;&nbsp;&nbsp;&nbsp;&nbsp;&nbsp;&nbsp;&nbsp;&nbsp;&nbsp;&nbsp;&nbsp; &nbsp;&nbsp;&nbsp;&nbsp;&nbsp;&nbsp;&nbsp;&nbsp;&nbsp;&nbsp;&nbsp;&nbsp;&nbsp;&nbsp;&nbsp;&nbsp;&nbsp;&nbsp;&nbsp;&nbsp;&nbsp;&nbsp;&nbsp;&nbsp;&nbsp;&nbsp;&nbsp;&nbsp;&nbsp;&nbsp;&nbsp;&nbsp;&nbsp;&nbsp;&nbsp;&nbsp;&nbsp;&nbsp;&nbsp;&nbsp;&nbsp;&nbsp;&nbsp;&nbsp;&nbsp;&nbsp;&nbsp;&nbsp;&nbsp;&nbsp;&nbsp;&nbsp;&nbsp;&nbsp;&nbsp;&nbsp;&nbsp;&nbsp;&nbsp;&nbsp;&nbsp;&nbsp;&nbsp;&nbsp;&nbsp;&nbsp;&nbsp;&nbsp;&nbsp;P\u00f6yt\u00e4kirja &nbsp;&nbsp;&nbsp;&nbsp;&nbsp;&nbsp;&nbsp;&nbsp;&nbsp;&nbsp;&nbsp;&nbsp;&nbsp;&nbsp;&nbsp;&nbsp;&nbsp;&nbsp;&nbsp;&nbsp;&nbsp;&nbsp;&nbsp;&nbsp;&nbsp;&nbsp;&nbsp;&nbsp;&nbsp;&nbsp;&nbsp;&nbsp;&nbsp;&nbsp;&nbsp;&nbsp;&nbsp;&nbsp;&nbsp;&nbsp;&nbsp;&nbsp;&nbsp;&nbsp;&nbsp;&nbsp;&nbsp;&nbsp;&nbsp;&nbsp;&nbsp;&nbsp;&nbsp;&nbsp;&nbsp;&nbsp;&nbsp;&nbsp;&nbsp;&nbsp;&nbsp;&nbsp;&nbsp;&nbsp;&nbsp;&nbsp;&nbsp;&nbsp;&nbsp;&nbsp;&nbsp;&nbsp;&nbsp; &nbsp;&nbsp;&nbsp;&nbsp;&nbsp;&nbsp;&nbsp;&nbsp;&nbsp;&nbsp;&nbsp;&nbsp;&nbsp;&nbsp;&nbsp;&nbsp;&nbsp;&nbsp;&nbsp;&nbsp;&nbsp;&nbsp;&nbsp;9.4.2025 Vuoskosken osakaskunnan vuosikokous Aika:&nbsp;&nbsp; &nbsp;&nbsp;&nbsp;&nbsp;&nbsp;&nbsp;&nbsp;&nbsp;&nbsp;&nbsp;&nbsp;Keskiviikko 9.4.2025 klo 10.00 Paikka:&nbsp;&nbsp;&nbsp;&nbsp;&nbsp;&nbsp;&nbsp;&nbsp;&nbsp; Paukunmaja, Peltolantie 75 43300 Kannonkoski 1. Osakaskunnan hoitokunnan puheenjohtaja Kirsti Krogerus avasi kokouksen klo 10.05 \u00a0. 2. Kokouksen puheenjohtajaksi valittiin Kalervo Kupari \u00a0ja sihteeriksi Janne H\u00e4m\u00e4l\u00e4inen. 3. Kokouksen \u00e4\u00e4nestystavaksi p\u00e4\u00e4tettiin henkil\u00f6\/\u00e4\u00e4ni perustuva \u00e4\u00e4nestystapa. 4. Kokous todettiin lailliseksi ja p\u00e4\u00e4t\u00f6svaltaiseksi. 5. P\u00f6yt\u00e4kirjantarkastajiksi valittiin Lue lis\u00e4\u00e4 &gt;\" \/>\n<meta property=\"og:url\" content=\"https:\/\/kivijarvenkalatalousalue.fi\/vuoskoski\/hallinto\/vuosikokous\/\" \/>\n<meta property=\"og:site_name\" content=\"Vuoskosken osakaskunta\" \/>\n<meta property=\"article:modified_time\" content=\"2025-07-15T16:02:06+00:00\" \/>\n<meta name=\"twitter:card\" content=\"summary_large_image\" \/>\n<meta name=\"twitter:label1\" content=\"Arvioitu lukuaika\" \/>\n\t<meta name=\"twitter:data1\" content=\"2 minuuttia\" \/>\n<script type=\"application\/ld+json\" class=\"yoast-schema-graph\">{\"@context\":\"https:\/\/schema.org\",\"@graph\":[{\"@type\":\"WebPage\",\"@id\":\"https:\/\/kivijarvenkalatalousalue.fi\/vuoskoski\/hallinto\/vuosikokous\/\",\"url\":\"https:\/\/kivijarvenkalatalousalue.fi\/vuoskoski\/hallinto\/vuosikokous\/\",\"name\":\"Vuosikokous - Vuoskosken osakaskunta\",\"isPartOf\":{\"@id\":\"https:\/\/kivijarvenkalatalousalue.fi\/vuoskoski\/#website\"},\"datePublished\":\"2020-10-29T10:25:46+00:00\",\"dateModified\":\"2025-07-15T16:02:06+00:00\",\"breadcrumb\":{\"@id\":\"https:\/\/kivijarvenkalatalousalue.fi\/vuoskoski\/hallinto\/vuosikokous\/#breadcrumb\"},\"inLanguage\":\"fi\",\"potentialAction\":[{\"@type\":\"ReadAction\",\"target\":[\"https:\/\/kivijarvenkalatalousalue.fi\/vuoskoski\/hallinto\/vuosikokous\/\"]}]},{\"@type\":\"BreadcrumbList\",\"@id\":\"https:\/\/kivijarvenkalatalousalue.fi\/vuoskoski\/hallinto\/vuosikokous\/#breadcrumb\",\"itemListElement\":[{\"@type\":\"ListItem\",\"position\":1,\"name\":\"Home\",\"item\":\"https:\/\/kivijarvenkalatalousalue.fi\/vuoskoski\/\"},{\"@type\":\"ListItem\",\"position\":2,\"name\":\"Toimintakertomus\",\"item\":\"https:\/\/kivijarvenkalatalousalue.fi\/vuoskoski\/hallinto\/\"},{\"@type\":\"ListItem\",\"position\":3,\"name\":\"Vuosikokous\"}]},{\"@type\":\"WebSite\",\"@id\":\"https:\/\/kivijarvenkalatalousalue.fi\/vuoskoski\/#website\",\"url\":\"https:\/\/kivijarvenkalatalousalue.fi\/vuoskoski\/\",\"name\":\"Vuoskosken osakaskunta\",\"description\":\"Uusi Kivij\u00e4rven kalatalousalue -sivusto\",\"potentialAction\":[{\"@type\":\"SearchAction\",\"target\":{\"@type\":\"EntryPoint\",\"urlTemplate\":\"https:\/\/kivijarvenkalatalousalue.fi\/vuoskoski\/?s={search_term_string}\"},\"query-input\":{\"@type\":\"PropertyValueSpecification\",\"valueRequired\":true,\"valueName\":\"search_term_string\"}}],\"inLanguage\":\"fi\"}]}<\/script>\n<!-- \/ Yoast SEO plugin. -->","yoast_head_json":{"title":"Vuosikokous - Vuoskosken osakaskunta","robots":{"index":"index","follow":"follow","max-snippet":"max-snippet:-1","max-image-preview":"max-image-preview:large","max-video-preview":"max-video-preview:-1"},"canonical":"https:\/\/kivijarvenkalatalousalue.fi\/vuoskoski\/hallinto\/vuosikokous\/","og_locale":"fi_FI","og_type":"article","og_title":"Vuosikokous - Vuoskosken osakaskunta","og_description":"&nbsp;&nbsp;&nbsp;&nbsp;&nbsp;&nbsp;&nbsp;&nbsp;&nbsp;&nbsp;&nbsp;&nbsp;&nbsp;&nbsp;&nbsp;&nbsp;&nbsp;&nbsp;&nbsp;&nbsp;&nbsp;&nbsp;&nbsp;&nbsp;&nbsp;&nbsp;&nbsp; &nbsp;&nbsp;&nbsp;&nbsp;&nbsp;&nbsp;&nbsp;&nbsp;&nbsp;&nbsp;&nbsp;&nbsp;&nbsp;&nbsp;&nbsp;&nbsp;&nbsp;&nbsp;&nbsp;&nbsp;&nbsp;&nbsp;&nbsp;&nbsp;&nbsp;&nbsp;&nbsp;&nbsp;&nbsp;&nbsp;&nbsp;&nbsp;&nbsp;&nbsp;&nbsp;&nbsp;&nbsp;&nbsp;&nbsp;&nbsp;&nbsp;&nbsp;&nbsp;&nbsp;&nbsp;&nbsp;&nbsp;&nbsp;&nbsp;&nbsp;&nbsp;&nbsp;&nbsp;&nbsp;&nbsp;&nbsp;&nbsp;&nbsp;&nbsp;&nbsp;&nbsp;&nbsp;&nbsp;&nbsp;&nbsp;&nbsp;&nbsp;&nbsp;&nbsp;P\u00f6yt\u00e4kirja &nbsp;&nbsp;&nbsp;&nbsp;&nbsp;&nbsp;&nbsp;&nbsp;&nbsp;&nbsp;&nbsp;&nbsp;&nbsp;&nbsp;&nbsp;&nbsp;&nbsp;&nbsp;&nbsp;&nbsp;&nbsp;&nbsp;&nbsp;&nbsp;&nbsp;&nbsp;&nbsp;&nbsp;&nbsp;&nbsp;&nbsp;&nbsp;&nbsp;&nbsp;&nbsp;&nbsp;&nbsp;&nbsp;&nbsp;&nbsp;&nbsp;&nbsp;&nbsp;&nbsp;&nbsp;&nbsp;&nbsp;&nbsp;&nbsp;&nbsp;&nbsp;&nbsp;&nbsp;&nbsp;&nbsp;&nbsp;&nbsp;&nbsp;&nbsp;&nbsp;&nbsp;&nbsp;&nbsp;&nbsp;&nbsp;&nbsp;&nbsp;&nbsp;&nbsp;&nbsp;&nbsp;&nbsp;&nbsp; &nbsp;&nbsp;&nbsp;&nbsp;&nbsp;&nbsp;&nbsp;&nbsp;&nbsp;&nbsp;&nbsp;&nbsp;&nbsp;&nbsp;&nbsp;&nbsp;&nbsp;&nbsp;&nbsp;&nbsp;&nbsp;&nbsp;&nbsp;9.4.2025 Vuoskosken osakaskunnan vuosikokous Aika:&nbsp;&nbsp; &nbsp;&nbsp;&nbsp;&nbsp;&nbsp;&nbsp;&nbsp;&nbsp;&nbsp;&nbsp;&nbsp;Keskiviikko 9.4.2025 klo 10.00 Paikka:&nbsp;&nbsp;&nbsp;&nbsp;&nbsp;&nbsp;&nbsp;&nbsp;&nbsp; Paukunmaja, Peltolantie 75 43300 Kannonkoski 1. Osakaskunnan hoitokunnan puheenjohtaja Kirsti Krogerus avasi kokouksen klo 10.05 \u00a0. 2. Kokouksen puheenjohtajaksi valittiin Kalervo Kupari \u00a0ja sihteeriksi Janne H\u00e4m\u00e4l\u00e4inen. 3. Kokouksen \u00e4\u00e4nestystavaksi p\u00e4\u00e4tettiin henkil\u00f6\/\u00e4\u00e4ni perustuva \u00e4\u00e4nestystapa. 4. Kokous todettiin lailliseksi ja p\u00e4\u00e4t\u00f6svaltaiseksi. 5. P\u00f6yt\u00e4kirjantarkastajiksi valittiin Lue lis\u00e4\u00e4 >","og_url":"https:\/\/kivijarvenkalatalousalue.fi\/vuoskoski\/hallinto\/vuosikokous\/","og_site_name":"Vuoskosken osakaskunta","article_modified_time":"2025-07-15T16:02:06+00:00","twitter_card":"summary_large_image","twitter_misc":{"Arvioitu lukuaika":"2 minuuttia"},"schema":{"@context":"https:\/\/schema.org","@graph":[{"@type":"WebPage","@id":"https:\/\/kivijarvenkalatalousalue.fi\/vuoskoski\/hallinto\/vuosikokous\/","url":"https:\/\/kivijarvenkalatalousalue.fi\/vuoskoski\/hallinto\/vuosikokous\/","name":"Vuosikokous - Vuoskosken osakaskunta","isPartOf":{"@id":"https:\/\/kivijarvenkalatalousalue.fi\/vuoskoski\/#website"},"datePublished":"2020-10-29T10:25:46+00:00","dateModified":"2025-07-15T16:02:06+00:00","breadcrumb":{"@id":"https:\/\/kivijarvenkalatalousalue.fi\/vuoskoski\/hallinto\/vuosikokous\/#breadcrumb"},"inLanguage":"fi","potentialAction":[{"@type":"ReadAction","target":["https:\/\/kivijarvenkalatalousalue.fi\/vuoskoski\/hallinto\/vuosikokous\/"]}]},{"@type":"BreadcrumbList","@id":"https:\/\/kivijarvenkalatalousalue.fi\/vuoskoski\/hallinto\/vuosikokous\/#breadcrumb","itemListElement":[{"@type":"ListItem","position":1,"name":"Home","item":"https:\/\/kivijarvenkalatalousalue.fi\/vuoskoski\/"},{"@type":"ListItem","position":2,"name":"Toimintakertomus","item":"https:\/\/kivijarvenkalatalousalue.fi\/vuoskoski\/hallinto\/"},{"@type":"ListItem","position":3,"name":"Vuosikokous"}]},{"@type":"WebSite","@id":"https:\/\/kivijarvenkalatalousalue.fi\/vuoskoski\/#website","url":"https:\/\/kivijarvenkalatalousalue.fi\/vuoskoski\/","name":"Vuoskosken osakaskunta","description":"Uusi Kivij\u00e4rven kalatalousalue -sivusto","potentialAction":[{"@type":"SearchAction","target":{"@type":"EntryPoint","urlTemplate":"https:\/\/kivijarvenkalatalousalue.fi\/vuoskoski\/?s={search_term_string}"},"query-input":{"@type":"PropertyValueSpecification","valueRequired":true,"valueName":"search_term_string"}}],"inLanguage":"fi"}]}},"_links":{"self":[{"href":"https:\/\/kivijarvenkalatalousalue.fi\/vuoskoski\/wp-json\/wp\/v2\/pages\/158","targetHints":{"allow":["GET"]}}],"collection":[{"href":"https:\/\/kivijarvenkalatalousalue.fi\/vuoskoski\/wp-json\/wp\/v2\/pages"}],"about":[{"href":"https:\/\/kivijarvenkalatalousalue.fi\/vuoskoski\/wp-json\/wp\/v2\/types\/page"}],"author":[{"embeddable":true,"href":"https:\/\/kivijarvenkalatalousalue.fi\/vuoskoski\/wp-json\/wp\/v2\/users\/2"}],"replies":[{"embeddable":true,"href":"https:\/\/kivijarvenkalatalousalue.fi\/vuoskoski\/wp-json\/wp\/v2\/comments?post=158"}],"version-history":[{"count":6,"href":"https:\/\/kivijarvenkalatalousalue.fi\/vuoskoski\/wp-json\/wp\/v2\/pages\/158\/revisions"}],"predecessor-version":[{"id":308,"href":"https:\/\/kivijarvenkalatalousalue.fi\/vuoskoski\/wp-json\/wp\/v2\/pages\/158\/revisions\/308"}],"up":[{"embeddable":true,"href":"https:\/\/kivijarvenkalatalousalue.fi\/vuoskoski\/wp-json\/wp\/v2\/pages\/32"}],"wp:attachment":[{"href":"https:\/\/kivijarvenkalatalousalue.fi\/vuoskoski\/wp-json\/wp\/v2\/media?parent=158"}],"curies":[{"name":"wp","href":"https:\/\/api.w.org\/{rel}","templated":true}]}}