{"id":49,"date":"2020-10-29T09:51:51","date_gmt":"2020-10-29T09:51:51","guid":{"rendered":"http:\/\/89.166.51.80\/~pohjoispaij\/ahtola\/?page_id=49"},"modified":"2025-07-15T19:06:44","modified_gmt":"2025-07-15T16:06:44","slug":"paatokset","status":"publish","type":"page","link":"https:\/\/kivijarvenkalatalousalue.fi\/vuoskoski\/paatokset\/","title":{"rendered":"P\u00e4\u00e4t\u00f6kset"},"content":{"rendered":"\n<h2 class=\"wp-block-heading\">Rajoitukset<\/h2>\n\n\n\n<p>Verkkojatan enimm\u00e4ispituus on 160 m.<\/p>\n\n\n\n<p>Pitk\u00e4nsiiman enimm\u00e4ispituus on 100 koukkua.<\/p>\n\n\n\n<p>Solmuv\u00e4lilt\u00e4\u00e4n 21-54mm olevien verkkojen k\u00e4ytt\u00f6 on kokonaan kielletty Kivij\u00e4rvess\u00e4 sek\u00e4 Vuosj\u00e4rvess\u00e4 1.1.-30.9. ja 1.12.-31.12. Aikav\u00e4lill\u00e4 1.10.-30.11. niiden k\u00e4ytt\u00f6 on kielletty\u00e4 kolmea metri\u00e4 syvemm\u00e4ll\u00e4.<\/p>\n","protected":false},"excerpt":{"rendered":"<p>Rajoitukset Verkkojatan enimm\u00e4ispituus on 160 m. Pitk\u00e4nsiiman enimm\u00e4ispituus on 100 koukkua. Solmuv\u00e4lilt\u00e4\u00e4n 21-54mm olevien verkkojen k\u00e4ytt\u00f6 on kokonaan kielletty Kivij\u00e4rvess\u00e4 sek\u00e4 Vuosj\u00e4rvess\u00e4 1.1.-30.9. ja 1.12.-31.12. Aikav\u00e4lill\u00e4 1.10.-30.11. niiden k\u00e4ytt\u00f6 on kielletty\u00e4 kolmea metri\u00e4 syvemm\u00e4ll\u00e4.<\/p>\n","protected":false},"author":2,"featured_media":0,"parent":0,"menu_order":0,"comment_status":"closed","ping_status":"closed","template":"basic-sivu.php","meta":{"_acf_changed":false,"footnotes":""},"class_list":["post-49","page","type-page","status-publish","hentry"],"acf":[],"yoast_head":"<!-- This site is optimized with the Yoast SEO plugin v27.1.1 - https:\/\/yoast.com\/product\/yoast-seo-wordpress\/ -->\n<title>P\u00e4\u00e4t\u00f6kset - Vuoskosken osakaskunta<\/title>\n<meta name=\"robots\" content=\"index, follow, max-snippet:-1, max-image-preview:large, max-video-preview:-1\" \/>\n<link rel=\"canonical\" href=\"https:\/\/kivijarvenkalatalousalue.fi\/vuoskoski\/paatokset\/\" \/>\n<meta property=\"og:locale\" content=\"fi_FI\" \/>\n<meta property=\"og:type\" content=\"article\" \/>\n<meta property=\"og:title\" content=\"P\u00e4\u00e4t\u00f6kset - Vuoskosken osakaskunta\" \/>\n<meta property=\"og:description\" content=\"Rajoitukset Verkkojatan enimm\u00e4ispituus on 160 m. Pitk\u00e4nsiiman enimm\u00e4ispituus on 100 koukkua. Solmuv\u00e4lilt\u00e4\u00e4n 21-54mm olevien verkkojen k\u00e4ytt\u00f6 on kokonaan kielletty Kivij\u00e4rvess\u00e4 sek\u00e4 Vuosj\u00e4rvess\u00e4 1.1.-30.9. ja 1.12.-31.12. Aikav\u00e4lill\u00e4 1.10.-30.11. niiden k\u00e4ytt\u00f6 on kielletty\u00e4 kolmea metri\u00e4 syvemm\u00e4ll\u00e4.\" \/>\n<meta property=\"og:url\" content=\"https:\/\/kivijarvenkalatalousalue.fi\/vuoskoski\/paatokset\/\" \/>\n<meta property=\"og:site_name\" content=\"Vuoskosken osakaskunta\" \/>\n<meta property=\"article:modified_time\" content=\"2025-07-15T16:06:44+00:00\" \/>\n<meta name=\"twitter:card\" content=\"summary_large_image\" \/>\n<meta name=\"twitter:label1\" content=\"Arvioitu lukuaika\" \/>\n\t<meta name=\"twitter:data1\" content=\"1 minuutti\" \/>\n<script type=\"application\/ld+json\" class=\"yoast-schema-graph\">{\"@context\":\"https:\/\/schema.org\",\"@graph\":[{\"@type\":\"WebPage\",\"@id\":\"https:\/\/kivijarvenkalatalousalue.fi\/vuoskoski\/paatokset\/\",\"url\":\"https:\/\/kivijarvenkalatalousalue.fi\/vuoskoski\/paatokset\/\",\"name\":\"P\u00e4\u00e4t\u00f6kset - Vuoskosken osakaskunta\",\"isPartOf\":{\"@id\":\"https:\/\/kivijarvenkalatalousalue.fi\/vuoskoski\/#website\"},\"datePublished\":\"2020-10-29T09:51:51+00:00\",\"dateModified\":\"2025-07-15T16:06:44+00:00\",\"breadcrumb\":{\"@id\":\"https:\/\/kivijarvenkalatalousalue.fi\/vuoskoski\/paatokset\/#breadcrumb\"},\"inLanguage\":\"fi\",\"potentialAction\":[{\"@type\":\"ReadAction\",\"target\":[\"https:\/\/kivijarvenkalatalousalue.fi\/vuoskoski\/paatokset\/\"]}]},{\"@type\":\"BreadcrumbList\",\"@id\":\"https:\/\/kivijarvenkalatalousalue.fi\/vuoskoski\/paatokset\/#breadcrumb\",\"itemListElement\":[{\"@type\":\"ListItem\",\"position\":1,\"name\":\"Home\",\"item\":\"https:\/\/kivijarvenkalatalousalue.fi\/vuoskoski\/\"},{\"@type\":\"ListItem\",\"position\":2,\"name\":\"P\u00e4\u00e4t\u00f6kset\"}]},{\"@type\":\"WebSite\",\"@id\":\"https:\/\/kivijarvenkalatalousalue.fi\/vuoskoski\/#website\",\"url\":\"https:\/\/kivijarvenkalatalousalue.fi\/vuoskoski\/\",\"name\":\"Vuoskosken osakaskunta\",\"description\":\"Uusi Kivij\u00e4rven kalatalousalue -sivusto\",\"potentialAction\":[{\"@type\":\"SearchAction\",\"target\":{\"@type\":\"EntryPoint\",\"urlTemplate\":\"https:\/\/kivijarvenkalatalousalue.fi\/vuoskoski\/?s={search_term_string}\"},\"query-input\":{\"@type\":\"PropertyValueSpecification\",\"valueRequired\":true,\"valueName\":\"search_term_string\"}}],\"inLanguage\":\"fi\"}]}<\/script>\n<!-- \/ Yoast SEO plugin. -->","yoast_head_json":{"title":"P\u00e4\u00e4t\u00f6kset - Vuoskosken osakaskunta","robots":{"index":"index","follow":"follow","max-snippet":"max-snippet:-1","max-image-preview":"max-image-preview:large","max-video-preview":"max-video-preview:-1"},"canonical":"https:\/\/kivijarvenkalatalousalue.fi\/vuoskoski\/paatokset\/","og_locale":"fi_FI","og_type":"article","og_title":"P\u00e4\u00e4t\u00f6kset - Vuoskosken osakaskunta","og_description":"Rajoitukset Verkkojatan enimm\u00e4ispituus on 160 m. Pitk\u00e4nsiiman enimm\u00e4ispituus on 100 koukkua. Solmuv\u00e4lilt\u00e4\u00e4n 21-54mm olevien verkkojen k\u00e4ytt\u00f6 on kokonaan kielletty Kivij\u00e4rvess\u00e4 sek\u00e4 Vuosj\u00e4rvess\u00e4 1.1.-30.9. ja 1.12.-31.12. Aikav\u00e4lill\u00e4 1.10.-30.11. niiden k\u00e4ytt\u00f6 on kielletty\u00e4 kolmea metri\u00e4 syvemm\u00e4ll\u00e4.","og_url":"https:\/\/kivijarvenkalatalousalue.fi\/vuoskoski\/paatokset\/","og_site_name":"Vuoskosken osakaskunta","article_modified_time":"2025-07-15T16:06:44+00:00","twitter_card":"summary_large_image","twitter_misc":{"Arvioitu lukuaika":"1 minuutti"},"schema":{"@context":"https:\/\/schema.org","@graph":[{"@type":"WebPage","@id":"https:\/\/kivijarvenkalatalousalue.fi\/vuoskoski\/paatokset\/","url":"https:\/\/kivijarvenkalatalousalue.fi\/vuoskoski\/paatokset\/","name":"P\u00e4\u00e4t\u00f6kset - Vuoskosken osakaskunta","isPartOf":{"@id":"https:\/\/kivijarvenkalatalousalue.fi\/vuoskoski\/#website"},"datePublished":"2020-10-29T09:51:51+00:00","dateModified":"2025-07-15T16:06:44+00:00","breadcrumb":{"@id":"https:\/\/kivijarvenkalatalousalue.fi\/vuoskoski\/paatokset\/#breadcrumb"},"inLanguage":"fi","potentialAction":[{"@type":"ReadAction","target":["https:\/\/kivijarvenkalatalousalue.fi\/vuoskoski\/paatokset\/"]}]},{"@type":"BreadcrumbList","@id":"https:\/\/kivijarvenkalatalousalue.fi\/vuoskoski\/paatokset\/#breadcrumb","itemListElement":[{"@type":"ListItem","position":1,"name":"Home","item":"https:\/\/kivijarvenkalatalousalue.fi\/vuoskoski\/"},{"@type":"ListItem","position":2,"name":"P\u00e4\u00e4t\u00f6kset"}]},{"@type":"WebSite","@id":"https:\/\/kivijarvenkalatalousalue.fi\/vuoskoski\/#website","url":"https:\/\/kivijarvenkalatalousalue.fi\/vuoskoski\/","name":"Vuoskosken osakaskunta","description":"Uusi Kivij\u00e4rven kalatalousalue -sivusto","potentialAction":[{"@type":"SearchAction","target":{"@type":"EntryPoint","urlTemplate":"https:\/\/kivijarvenkalatalousalue.fi\/vuoskoski\/?s={search_term_string}"},"query-input":{"@type":"PropertyValueSpecification","valueRequired":true,"valueName":"search_term_string"}}],"inLanguage":"fi"}]}},"_links":{"self":[{"href":"https:\/\/kivijarvenkalatalousalue.fi\/vuoskoski\/wp-json\/wp\/v2\/pages\/49","targetHints":{"allow":["GET"]}}],"collection":[{"href":"https:\/\/kivijarvenkalatalousalue.fi\/vuoskoski\/wp-json\/wp\/v2\/pages"}],"about":[{"href":"https:\/\/kivijarvenkalatalousalue.fi\/vuoskoski\/wp-json\/wp\/v2\/types\/page"}],"author":[{"embeddable":true,"href":"https:\/\/kivijarvenkalatalousalue.fi\/vuoskoski\/wp-json\/wp\/v2\/users\/2"}],"replies":[{"embeddable":true,"href":"https:\/\/kivijarvenkalatalousalue.fi\/vuoskoski\/wp-json\/wp\/v2\/comments?post=49"}],"version-history":[{"count":7,"href":"https:\/\/kivijarvenkalatalousalue.fi\/vuoskoski\/wp-json\/wp\/v2\/pages\/49\/revisions"}],"predecessor-version":[{"id":312,"href":"https:\/\/kivijarvenkalatalousalue.fi\/vuoskoski\/wp-json\/wp\/v2\/pages\/49\/revisions\/312"}],"wp:attachment":[{"href":"https:\/\/kivijarvenkalatalousalue.fi\/vuoskoski\/wp-json\/wp\/v2\/media?parent=49"}],"curies":[{"name":"wp","href":"https:\/\/api.w.org\/{rel}","templated":true}]}}